is divided by x?
14
Let c be (-2732)/(-20) - (-3 - (-13)/5). Suppose 5*n - c = -87. What is the remainder when 99 is divided by n?
9
Let a be (-4)/(-4)*(1 + 28). Suppose -a - 13 = -3*y. Calculate the remainder when 53 is divided by y.
11
Let s be 0 - (2 + -3 + 4). Let h be (0 - -1)*s + 0. Calculate the remainder when 15 is divided by 7 - 1 - (h + 0).
6
Let w be (-4)/((-1)/8*2). Suppose 5*x = 34 + w. Suppose v = 35 - 7. What is the remainder when v is divided by x?
8
Suppose 4*w - 16 = -256. Let q = w + 98. What is the remainder when q is divided by 10?
8
Let d(j) be the second derivative of j**4/12 - j**3/3 - j**2 + j. Let x = 269 - 268. Calculate the remainder when d(3) is divided by x.
0
Suppose -3*s + 142 = 4*f, -4*s = 4*f - 3*s - 138. Suppose 242895*z - 242882*z - 78 = 0. Calculate the remainder when f is divided by z.
4
Suppose 0 = -4*i + 25 - 1. Suppose i*o - 7 = 233. Suppose x - o = -3*x. Calculate the remainder when 38 is divided by x.
8
Let u = 221 + -177. Calculate the remainder when 128 is divided by u.
40
What is the remainder when 326 is divided by (-23)/(-46)*(-4 - -2)*-15?
11
Let n(m) = m**2 - 5*m + 8. Let p be n(8). Let h = p + -22. Let a(g) = -g**2 + 12*g + 11. What is the remainder when 61 is divided by a(h)?
30
Let s = 514 + -488. Let b = -5 + 2. Calculate the remainder when s is divided by b + 1 + (-72)/(-8).
5
Let f(u) = -u**3 - 14*u**2 - 2*u + 27. What is the remainder when f(-14) is divided by (0 - 1)*0 - -19?
17
Let q be 226/5 + (-2)/10. What is the remainder when q/(-6)*20/(-3) is divided by ((-34)/3)/(2/(-3))?
16
Suppose -3 = -a, -x + 3*x + 5 = -a. Let z be (-1)/x + (-7)/(-4). Suppose 4*l + 2 = -z*c, 0*c + 3*l + 60 = 5*c. What is the remainder when 25 is divided by c?
7
Let f(n) = 3*n + 21. Let t be f(-6). Suppose 6*u - 96 = t*u. Calculate the remainder when u is divided by 9 - (-1)/2*6.
8
Suppose -317 = -21*y + 20*y. What is the remainder when y is divided by 32?
29
What is the remainder when 580/(-2)*(0 + (-3)/6) is divided by 70?
5
Let o = 7 - -4. What is the remainder when o is divided by (-8)/28 - 51/(-7)?
4
Let d = -239 - -248. What is the remainder when 66 is divided by d?
3
Suppose 8*l = 15*l - 1092. What is the remainder when l is divided by 23?
18
Let p = 869 - 828. What is the remainder when 1434 is divided by p?
40
Let i be -18*(4 - 18/4). Suppose h + 14 = -i. Let f = 34 + h. Calculate the remainder when 42 is divided by f.
9
Suppose -5*h + 110 = -m, h - 22 = -0*m - 5*m. Calculate the remainder when h is divided by 4.
2
What is the remainder when ((-98)/(-6) + -4)*6 is divided by 16?
10
Let d(r) = -6*r**3 - 4 - r**2 + 1 - 6 + 6 - r. Calculate the remainder when d(-2) is divided by 15.
13
Suppose 2*b - 4*o - 58 = 0, 7*o - 4*o = -3*b + 60. Calculate the remainder when 686 is divided by b.
19
Let k = 578 - 300. Calculate the remainder when k is divided by 14.
12
Suppose 2 = -2*c + c. Let u = c + 20. Suppose -7*j + 4*j = -156. Calculate the remainder when j is divided by u.
16
Suppose 0 = 63*x - 70*x + 63. Calculate the remainder when 15 is divided by x.
6
Let v = -208 + 226. What is the remainder when 157 is divided by v?
13
Let h = -28 - -33. Suppose 5*z - z = -3*i + 290, 2*z = h*i + 132. Calculate the remainder when z is divided by 24.
23
Suppose 491*d = 487*d + 84. What is the remainder when 314 is divided by d?
20
Let h(v) = -2*v - 8. Let y be h(8). Let p = y - -26. Suppose -3*q + 5*c = -76, 31 = q + p*c + 2*c. Calculate the remainder when q is divided by 7.
6
Let o(x) = -2*x + 55. Let b be o(28). What is the remainder when (b - (-27)/15)/((-14)/(-1855)) is divided by 18?
16
Let o be 0/9 - (1 + -1). Suppose 0 = 5*j - 11 - 4. What is the remainder when 0 + (1 - (o - 3)) + 2 is divided by j?
0
What is the remainder when 8/5*(-1205)/(-2) is divided by 21?
19
What is the remainder when 399 is divided by (6/(-4))/(10 + (-6853)/682)?
27
Let p(r) = 2*r**2 + 31. Let f be p(0). What is the remainder when 16 is divided by f + -23 + (-2 - 1)?
1
Let y = -11 + 19. Let v = 47 - 69. Let p = v + 67. Calculate the remainder when p is divided by y.
5
Calculate the remainder when 99 is divided by (14 - 0) + -80 + 79.
8
Let s be 1 + -1 + -1 + 1. Let n = s + 36. Let v = n - -9. What is the remainder when v is divided by 12?
9
Suppose 148 = 4*n - 3*m, -3*m + 185 = 5*n - 0*n. Calculate the remainder when 215 is divided by n.
30
Let i = -10 - -18. Let a = -9 - -4. What is the remainder when 21 + a/(15/(-6)) is divided by i?
7
Suppose -5*b + 164 = -61. Suppose 3*f - 7 = -u, 5*f = -0*u + 2*u + 8. Suppose -3*p + f*p = -12. Calculate the remainder when b is divided by p.
9
Let r = 449 - 404. Let l(k) = k - 7. Let a be l(7). Suppose 0*i - 4*i + 48 = a. What is the remainder when r is divided by i?
9
Let z be (9/27)/((-2)/(-246)). Let u = z - 30. Calculate the remainder when 32 is divided by u.
10
Let d be 33/22*6/4*-4. Calculate the remainder when (1*39/d)/((-1)/6) is divided by 14.
12
Suppose 2*k + 4*c - 2 = 0, 2*c - 10 = -3*c. Let r(z) = -25*z + 6. Calculate the remainder when r(k) is divided by (-13 + -1)*6/(-4).
18
Let k(w) = 5*w - 6. Let a be k(4). Suppose 0 + a = 2*g. What is the remainder when g is divided by 4?
3
Let u(c) = c - 39. What is the remainder when 102 is divided by u(52)?
11
What is the remainder when (-28)/7 + -21*114/(-18) is divided by 12?
9
Calculate the remainder when 21 is divided by 95/20 + (33/(-12) - -2).
1
Let h = -2 - -21. Suppose 7*s - 175 = 112. Suppose -90 = -v + 4*a, 2*v = 3*a - s + 201. What is the remainder when v is divided by h?
17
Let p = -6 + 6. Suppose p = v - 3*v + 24. Let s = 57 - 22. Calculate the remainder when s is divided by v.
11
Suppose -6*m = -0*m - 5004. Calculate the remainder when m is divided by 44.
42
Let r be ((-370)/(-20))/(1/(-4)). Let a = 87 - r. What is the remainder when a is divided by 41?
38
Suppose 3*n - 5*n - o + 42 = 0, 3*o + 84 = 4*n. Let p(k) = 2*k**2 + 30*k - 19. Let x be p(-15). Let g = -11 - x. What is the remainder when n is divided by g?
5
Let l(j) = -j**3 - 32*j**2 + 29*j - 65. Calculate the remainder when 205 is divided by l(-33).
4
Suppose 60 = 4*b + 2*b. Suppose b*c - 794 = 356. Calculate the remainder when c is divided by 39.
37
What is the remainder when 0 - ((-2)/(-4) - (-29937)/(-102)) is divided by 49?
48
Suppose -k - 48 = -z - 6, -4*z = 3*k - 147. Calculate the remainder when (-1384)/(-9) - 8/(-36) is divided by z.
37
Suppose 2*t + 6 = 0, 6 = 2*f - 2*t - 0*t. Calculate the remainder when -3*(f - 16/6) is divided by 6.
2
Suppose 2*r - 39 = 7. What is the remainder when r is divided by 3/30 + (1677/10)/13?
10
Let c be (-5 - 296/(-64)) + 13/(-8). Let k(m) = -11*m - 4. Calculate the remainder when 64 is divided by k(c).
10
Let p(o) = o**3 - 17*o**2 - 38*o + 13. What is the remainder when p(19) is divided by 5?
3
Let y(s) = s**3 + 11*s**2 + 2*s - 11. Let v be y(-8). Suppose v = 4*r - 39. What is the remainder when r is divided by 26?
25
Suppose -2*f + 8 + 38 = 0. Let c = f - 57. What is the remainder when -1*(c - 2) - 0 is divided by 19?
17
Let p(c) = -21*c + 68. Calculate the remainder when p(-10) is divided by 35.
33
Let d(h) = -4*h**3 + 53*h**2 - 7*h - 27. Calculate the remainder when d(13) is divided by 18.
15
Let j = 23 + -22. Let g = -3 - -5. What is the remainder when g is divided by (-1)/(j/(3 + -4))?
0
Suppose -44 + 10 = -2*r + 5*g, -r + 5*g = -12. What is the remainder when 69 is divided by r?
3
Suppose -5*c = -c - 172. Let y = 572 - 445. What is the remainder when y is divided by c?
41
Calculate the remainder when 33 is divided by 1/(-7)*1 - (-7366)/406.
15
Let a(v) = 30*v - 29. Calculate the remainder when 107 is divided by a(2).
14
Let c = 108 - 72. Let q = 22 - c. Let j = 18 + q. What is the remainder when j is divided by 3?
1
Calculate the remainder when 235 is divided by 18 - -1 - 21/(84/8).
14
Let c be ((11*-3)/(-3))/1. Suppose -2*i - 22 = -4*q - 0*i, -5*i - c = q. Let s(d) = 3*d. Calculate the remainder when 21 is divided by s(q).
9
Suppose -10 = -12*k + 38. Suppose 4*w + 3*z = 10, 0 = 4*w - k*z + 2*z - 20. Calculate the remainder when w is divided by 2.
0
Calculate the remainder when 377 + 1 - (-5 + 21 - 19) is divided by 68.
41
Suppose -3*v + 6*v - 4*s = 129, -172 = -4*v - 4*s. What is the remainder when 343 is divided by v?
42
Let 